{"id":547,"date":"2019-06-29T16:38:49","date_gmt":"2019-06-29T16:38:49","guid":{"rendered":"https:\/\/www.jibdara.com\/tf-wp-demo\/gunter\/?page_id=547"},"modified":"2022-08-15T04:07:18","modified_gmt":"2022-08-15T04:07:18","slug":"lien-he","status":"publish","type":"page","link":"https:\/\/www.mandreel.com\/vietnam\/lien-he\/","title":{"rendered":"Li\u00ean H\u1ec7"},"content":{"rendered":"<p>[vc_section full_width=&#8221;stretch_row&#8221; el_id=&#8221;contact&#8221; el_class=&#8221;contact-area uk-contact uk-section&#8221;][vc_row][vc_column]\r\n        <div class=\"uk-section-title section-title \">\r\n            <span>H\u00e3y li\u00ean h\u1ec7 v\u1edbi ch\u00fang t\u00f4i<\/span>\r\n            <h2>Tr\u00f2 chuy\u1ec7n c\u00f9ng v\u1edbi c\u00e1c chuy\u00ean gia c\u1ee7a ch\u00fang t\u00f4i \u0111\u1ec3 b\u1eaft \u0111\u1ea7u h\u00e0nh tr\u00ecnh c\u1ee7a b\u1ea1n<\/h2>\r\n            <div class=\"bar\"><\/div>\r\n        <\/div>[vc_column_text]H\u00e3y li\u00ean h\u1ec7 v\u1edbi c\u00e1c chuy\u00ean gia t\u01b0 v\u1ea5n c\u1ee7a ch\u00fang t\u00f4i \u0111\u1ec3 b\u1eaft \u0111\u1ea7u h\u00e0nh tr\u00ecnh c\u1ee7a b\u1ea1n v\u00e0 t\u00ecm hi\u1ec3u th\u00eam v\u1ec1 c\u00e1c c\u00e1ch \u0111\u1ec3 ph\u00e1t huy h\u1ebft ti\u1ec1m n\u0103ng t\u1ed1i \u0111a c\u1ee7a c\u00f4ng ty b\u1ea1n. V\u1edbi kinh nghi\u1ec7m d\u00e0y d\u1eb7n trong c\u00e1c t\u1ed5 ch\u1ee9c kinh doanh kh\u00e1c nhau, ch\u00fang t\u00f4i t\u1ef1 tin cung c\u1ea5p cho b\u1ea1n nh\u1eefng d\u1ecbch v\u1ee5 ch\u01b0a t\u1eebng c\u00f3 v\u00e0 \u0111\u01b0a th\u01b0\u01a1ng hi\u1ec7u c\u1ee7a b\u1ea1n l\u00ean v\u1ecb tr\u00ed h\u00e0ng \u0111\u1ea7u trong ng\u00e0nh.<\/p>\n<p>S\u1eb5n s\u00e0ng chuy\u1ec3n \u0111\u1ed5i doanh nghi\u1ec7p c\u1ee7a b\u1ea1n? B\u1eaft \u0111\u1ea7u ngay b\u00e2y gi\u1edd b\u1eb1ng c\u00e1ch g\u1eedi tin nh\u1eafn cho ch\u00fang t\u00f4i qua email ho\u1eb7c \u1ee9ng d\u1ee5ng t\u00e0i kho\u1ea3n LINE v\u00e0 ch\u00fang t\u00f4i s\u1ebd li\u00ean h\u1ec7 v\u1edbi b\u1ea1n s\u1edbm nh\u1ea5t c\u00f3 th\u1ec3.[\/vc_column_text][\/vc_column][\/vc_row][vc_row][vc_column width=&#8221;1\/2&#8243;]\r\n    <div class=\"item\">\r\n        <div class=\"map-img\">\r\n                \r\n                    <img src=\"https:\/\/www.mandreel.com\/vietnam\/wp-content\/themes\/gunter\/assets\/img\/map.png\" alt=\"map\">\r\n                \r\n                \r\n\r\n            <div class=\"location uk-location1\">\r\n                <a href=\"#\" class=\"active\">\r\n                    <div class=\"location-info\">\r\n                        <h5>New York<\/h5>\r\n                        <span>198 Collective Street<\/span>\r\n                    <\/div>\r\n                <\/a>\r\n            <\/div>\r\n\r\n            <div class=\"location uk-location2\">\r\n                <a href=\"#\">\r\n                    <div class=\"location-info\">\r\n                        <h5>London<\/h5>\r\n                        <span>357\/71 Collective Street<\/span>\r\n                    <\/div>\r\n                <\/a>\r\n            <\/div>\r\n        <\/div>\r\n    <\/div>[\/vc_column][vc_column width=&#8221;1\/2&#8243;]<div role=\"form\" class=\"wpcf7\" id=\"wpcf7-f281-o1\" lang=\"en-US\" dir=\"ltr\">\n<div class=\"screen-reader-response\"><p role=\"status\" aria-live=\"polite\" aria-atomic=\"true\"><\/p> <ul><\/ul><\/div>\n<form action=\"\/vietnam\/wp-json\/wp\/v2\/pages\/547#wpcf7-f281-o1\" method=\"post\" class=\"wpcf7-form init\" novalidate=\"novalidate\" data-status=\"init\">\n<div style=\"display: none;\">\n<input type=\"hidden\" name=\"_wpcf7\" value=\"281\" \/>\n<input type=\"hidden\" name=\"_wpcf7_version\" value=\"5.6.1\" \/>\n<input type=\"hidden\" name=\"_wpcf7_locale\" value=\"en_US\" \/>\n<input type=\"hidden\" name=\"_wpcf7_unit_tag\" value=\"wpcf7-f281-o1\" \/>\n<input type=\"hidden\" name=\"_wpcf7_container_post\" value=\"0\" \/>\n<input type=\"hidden\" name=\"_wpcf7_posted_data_hash\" value=\"\" \/>\n<\/div>\n<div class=\"item\">\n<div id=\"contactForm\">\n<div class=\"uk-grid uk-grid-match uk-grid-medium uk-child-width-1-2@m uk-child-width-1-1@s\">\n<div class=\"item uk-margin\">\n                        <span class=\"wpcf7-form-control-wrap\" data-name=\"fullname\"><input type=\"text\" name=\"fullname\" value=\"\" size=\"40\" class=\"wpcf7-form-control wpcf7-text wpcf7-validates-as-required uk-input\" aria-required=\"true\" aria-invalid=\"false\" placeholder=\"Name\" \/><\/span>\n\t\t<\/div>\n<div class=\"item uk-margin\">\n\t\t\t<span class=\"wpcf7-form-control-wrap\" data-name=\"email\"><input type=\"email\" name=\"email\" value=\"\" size=\"40\" class=\"wpcf7-form-control wpcf7-text wpcf7-email wpcf7-validates-as-required wpcf7-validates-as-email uk-input\" aria-required=\"true\" aria-invalid=\"false\" placeholder=\"Email\" \/><\/span>\n\t\t<\/div>\n<div class=\"item uk-margin\">\n\t\t\t<span class=\"wpcf7-form-control-wrap\" data-name=\"number\"><input type=\"number\" name=\"number\" value=\"\" class=\"wpcf7-form-control wpcf7-number wpcf7-validates-as-number uk-input\" aria-invalid=\"false\" placeholder=\"Phone\" \/><\/span>\n\t\t<\/div>\n<div class=\"item uk-margin\">\n\t\t\t<span class=\"wpcf7-form-control-wrap\" data-name=\"subject\"><input type=\"text\" name=\"subject\" value=\"\" size=\"40\" class=\"wpcf7-form-control wpcf7-text uk-input\" aria-invalid=\"false\" placeholder=\"Subject\" \/><\/span>\n\t\t<\/div>\n<\/div>\n<div class=\"item\">\n\t\t<span class=\"wpcf7-form-control-wrap\" data-name=\"message\"><textarea name=\"message\" cols=\"40\" rows=\"10\" class=\"wpcf7-form-control wpcf7-textarea wpcf7-validates-as-required uk-textarea\" aria-required=\"true\" aria-invalid=\"false\" placeholder=\"Your Message\"><\/textarea><\/span>\n\t<\/div>\n<div class=\"item\">\n                <span class=\"wpcf7-form-control-wrap\" data-name=\"acceptance-checkbox\"><span class=\"wpcf7-form-control wpcf7-acceptance\"><span class=\"wpcf7-list-item\"><label><input type=\"checkbox\" name=\"acceptance-checkbox\" value=\"1\" aria-invalid=\"false\" \/><span class=\"wpcf7-list-item-label\">By checking this, you agree to our <a href=\"https:\/\/www.mandreel.com\/vietnam\/terms-condition\/\">Terms <\/a> and <a href=\"https:\/\/www.mandreel.com\/vietnam\/privacy-policy\/\">Privacy policy<\/a><\/span><\/label><\/span><\/span><\/span>\n        <\/div>\n<p>        <button type=\"submit\" class=\"uk-button uk-button-default\">Submit Message<\/button>\n    <\/div>\n<\/div>\n<div class=\"wpcf7-response-output\" aria-hidden=\"true\"><\/div><\/form><\/div>[\/vc_column][\/vc_row][\/vc_section]<\/p>\n","protected":false},"excerpt":{"rendered":"<p>[vc_section full_width=&#8221;stretch_row&#8221; el_id=&#8221;contact&#8221; el_class=&#8221;contact-area uk-contact uk-section&#8221;][vc_row][vc_column][vc_column_text]H\u00e3y li\u00ean h\u1ec7 v\u1edbi c\u00e1c chuy\u00ean gia t\u01b0 v\u1ea5n c\u1ee7a ch\u00fang t\u00f4i \u0111\u1ec3 b\u1eaft \u0111\u1ea7u h\u00e0nh tr\u00ecnh c\u1ee7a b\u1ea1n v\u00e0 t\u00ecm hi\u1ec3u th\u00eam v\u1ec1 c\u00e1c c\u00e1ch \u0111\u1ec3 ph\u00e1t huy h\u1ebft ti\u1ec1m n\u0103ng t\u1ed1i \u0111a c\u1ee7a c\u00f4ng ty b\u1ea1n. V\u1edbi kinh nghi\u1ec7m d\u00e0y d\u1eb7n trong c\u00e1c t\u1ed5 ch\u1ee9c kinh doanh kh\u00e1c <\/p>\n","protected":false},"author":1,"featured_media":0,"parent":0,"menu_order":0,"comment_status":"closed","ping_status":"closed","template":"","meta":[],"acf":[],"yoast_head":"<!-- This site is optimized with the Yoast SEO plugin v19.4 - https:\/\/yoast.com\/wordpress\/plugins\/seo\/ -->\n<title>Li\u00ean H\u1ec7 - Mandreel Vi\u1ec7t Nam<\/title>\n<meta name=\"robots\" content=\"index, follow, max-snippet:-1, max-image-preview:large, max-video-preview:-1\" \/>\n<link rel=\"canonical\" href=\"https:\/\/www.mandreel.com\/vietnam\/lien-he\/\" \/>\n<meta property=\"og:locale\" content=\"vi_VN\" \/>\n<meta property=\"og:type\" content=\"article\" \/>\n<meta property=\"og:title\" content=\"Li\u00ean H\u1ec7 - Mandreel Vi\u1ec7t Nam\" \/>\n<meta property=\"og:description\" content=\"[vc_section full_width=&#8221;stretch_row&#8221; el_id=&#8221;contact&#8221; el_class=&#8221;contact-area uk-contact uk-section&#8221;][vc_row][vc_column][vc_column_text]H\u00e3y li\u00ean h\u1ec7 v\u1edbi c\u00e1c chuy\u00ean gia t\u01b0 v\u1ea5n c\u1ee7a ch\u00fang t\u00f4i \u0111\u1ec3 b\u1eaft \u0111\u1ea7u h\u00e0nh tr\u00ecnh c\u1ee7a b\u1ea1n v\u00e0 t\u00ecm hi\u1ec3u th\u00eam v\u1ec1 c\u00e1c c\u00e1ch \u0111\u1ec3 ph\u00e1t huy h\u1ebft ti\u1ec1m n\u0103ng t\u1ed1i \u0111a c\u1ee7a c\u00f4ng ty b\u1ea1n. V\u1edbi kinh nghi\u1ec7m d\u00e0y d\u1eb7n trong c\u00e1c t\u1ed5 ch\u1ee9c kinh doanh kh\u00e1c\" \/>\n<meta property=\"og:url\" content=\"https:\/\/www.mandreel.com\/vietnam\/lien-he\/\" \/>\n<meta property=\"og:site_name\" content=\"Mandreel Vi\u1ec7t Nam\" \/>\n<meta property=\"article:modified_time\" content=\"2022-08-15T04:07:18+00:00\" \/>\n<meta name=\"twitter:card\" content=\"summary_large_image\" \/>\n<meta name=\"twitter:label1\" content=\"Est. reading time\" \/>\n\t<meta name=\"twitter:data1\" content=\"1 minute\" \/>\n<script type=\"application\/ld+json\" class=\"yoast-schema-graph\">{\"@context\":\"https:\/\/schema.org\",\"@graph\":[{\"@type\":\"WebSite\",\"@id\":\"https:\/\/www.mandreel.com\/vietnam\/#website\",\"url\":\"https:\/\/www.mandreel.com\/vietnam\/\",\"name\":\"Mandreel Vi\u1ec7t Nam\",\"description\":\"Mandreel Vi\u1ec7t Nam\",\"potentialAction\":[{\"@type\":\"SearchAction\",\"target\":{\"@type\":\"EntryPoint\",\"urlTemplate\":\"https:\/\/www.mandreel.com\/vietnam\/?s={search_term_string}\"},\"query-input\":\"required name=search_term_string\"}],\"inLanguage\":\"vi\"},{\"@type\":\"WebPage\",\"@id\":\"https:\/\/www.mandreel.com\/vietnam\/lien-he\/\",\"url\":\"https:\/\/www.mandreel.com\/vietnam\/lien-he\/\",\"name\":\"Li\u00ean H\u1ec7 - Mandreel Vi\u1ec7t Nam\",\"isPartOf\":{\"@id\":\"https:\/\/www.mandreel.com\/vietnam\/#website\"},\"datePublished\":\"2019-06-29T16:38:49+00:00\",\"dateModified\":\"2022-08-15T04:07:18+00:00\",\"breadcrumb\":{\"@id\":\"https:\/\/www.mandreel.com\/vietnam\/lien-he\/#breadcrumb\"},\"inLanguage\":\"vi\",\"potentialAction\":[{\"@type\":\"ReadAction\",\"target\":[\"https:\/\/www.mandreel.com\/vietnam\/lien-he\/\"]}]},{\"@type\":\"BreadcrumbList\",\"@id\":\"https:\/\/www.mandreel.com\/vietnam\/lien-he\/#breadcrumb\",\"itemListElement\":[{\"@type\":\"ListItem\",\"position\":1,\"name\":\"\u9996\u9801\",\"item\":\"https:\/\/www.mandreel.com\/vietnam\/\"},{\"@type\":\"ListItem\",\"position\":2,\"name\":\"Li\u00ean H\u1ec7\"}]}]}<\/script>\n<!-- \/ Yoast SEO plugin. -->","yoast_head_json":{"title":"Li\u00ean H\u1ec7 - Mandreel Vi\u1ec7t Nam","robots":{"index":"index","follow":"follow","max-snippet":"max-snippet:-1","max-image-preview":"max-image-preview:large","max-video-preview":"max-video-preview:-1"},"canonical":"https:\/\/www.mandreel.com\/vietnam\/lien-he\/","og_locale":"vi_VN","og_type":"article","og_title":"Li\u00ean H\u1ec7 - Mandreel Vi\u1ec7t Nam","og_description":"[vc_section full_width=&#8221;stretch_row&#8221; el_id=&#8221;contact&#8221; el_class=&#8221;contact-area uk-contact uk-section&#8221;][vc_row][vc_column][vc_column_text]H\u00e3y li\u00ean h\u1ec7 v\u1edbi c\u00e1c chuy\u00ean gia t\u01b0 v\u1ea5n c\u1ee7a ch\u00fang t\u00f4i \u0111\u1ec3 b\u1eaft \u0111\u1ea7u h\u00e0nh tr\u00ecnh c\u1ee7a b\u1ea1n v\u00e0 t\u00ecm hi\u1ec3u th\u00eam v\u1ec1 c\u00e1c c\u00e1ch \u0111\u1ec3 ph\u00e1t huy h\u1ebft ti\u1ec1m n\u0103ng t\u1ed1i \u0111a c\u1ee7a c\u00f4ng ty b\u1ea1n. V\u1edbi kinh nghi\u1ec7m d\u00e0y d\u1eb7n trong c\u00e1c t\u1ed5 ch\u1ee9c kinh doanh kh\u00e1c","og_url":"https:\/\/www.mandreel.com\/vietnam\/lien-he\/","og_site_name":"Mandreel Vi\u1ec7t Nam","article_modified_time":"2022-08-15T04:07:18+00:00","twitter_card":"summary_large_image","twitter_misc":{"Est. reading time":"1 minute"},"schema":{"@context":"https:\/\/schema.org","@graph":[{"@type":"WebSite","@id":"https:\/\/www.mandreel.com\/vietnam\/#website","url":"https:\/\/www.mandreel.com\/vietnam\/","name":"Mandreel Vi\u1ec7t Nam","description":"Mandreel Vi\u1ec7t Nam","potentialAction":[{"@type":"SearchAction","target":{"@type":"EntryPoint","urlTemplate":"https:\/\/www.mandreel.com\/vietnam\/?s={search_term_string}"},"query-input":"required name=search_term_string"}],"inLanguage":"vi"},{"@type":"WebPage","@id":"https:\/\/www.mandreel.com\/vietnam\/lien-he\/","url":"https:\/\/www.mandreel.com\/vietnam\/lien-he\/","name":"Li\u00ean H\u1ec7 - Mandreel Vi\u1ec7t Nam","isPartOf":{"@id":"https:\/\/www.mandreel.com\/vietnam\/#website"},"datePublished":"2019-06-29T16:38:49+00:00","dateModified":"2022-08-15T04:07:18+00:00","breadcrumb":{"@id":"https:\/\/www.mandreel.com\/vietnam\/lien-he\/#breadcrumb"},"inLanguage":"vi","potentialAction":[{"@type":"ReadAction","target":["https:\/\/www.mandreel.com\/vietnam\/lien-he\/"]}]},{"@type":"BreadcrumbList","@id":"https:\/\/www.mandreel.com\/vietnam\/lien-he\/#breadcrumb","itemListElement":[{"@type":"ListItem","position":1,"name":"\u9996\u9801","item":"https:\/\/www.mandreel.com\/vietnam\/"},{"@type":"ListItem","position":2,"name":"Li\u00ean H\u1ec7"}]}]}},"_links":{"self":[{"href":"https:\/\/www.mandreel.com\/vietnam\/wp-json\/wp\/v2\/pages\/547"}],"collection":[{"href":"https:\/\/www.mandreel.com\/vietnam\/wp-json\/wp\/v2\/pages"}],"about":[{"href":"https:\/\/www.mandreel.com\/vietnam\/wp-json\/wp\/v2\/types\/page"}],"author":[{"embeddable":true,"href":"https:\/\/www.mandreel.com\/vietnam\/wp-json\/wp\/v2\/users\/1"}],"replies":[{"embeddable":true,"href":"https:\/\/www.mandreel.com\/vietnam\/wp-json\/wp\/v2\/comments?post=547"}],"version-history":[{"count":4,"href":"https:\/\/www.mandreel.com\/vietnam\/wp-json\/wp\/v2\/pages\/547\/revisions"}],"predecessor-version":[{"id":1228,"href":"https:\/\/www.mandreel.com\/vietnam\/wp-json\/wp\/v2\/pages\/547\/revisions\/1228"}],"wp:attachment":[{"href":"https:\/\/www.mandreel.com\/vietnam\/wp-json\/wp\/v2\/media?parent=547"}],"curies":[{"name":"wp","href":"https:\/\/api.w.org\/{rel}","templated":true}]}}